{"id":616,"date":"2018-08-15T18:08:51","date_gmt":"2018-08-15T18:08:51","guid":{"rendered":"http:\/\/192.168.1.3\/wp\/kordex\/?page_id=616"},"modified":"2022-11-18T13:00:44","modified_gmt":"2022-11-18T18:00:44","slug":"about-us","status":"publish","type":"page","link":"https:\/\/yulimoncayo.com\/?page_id=616","title":{"rendered":"Acerca de mi"},"content":{"rendered":"\t\t<div data-elementor-type=\"wp-post\" data-elementor-id=\"616\" class=\"elementor elementor-616\" data-elementor-settings=\"[]\">\n\t\t\t\t\t\t<div class=\"elementor-inner\">\n\t\t\t\t\t\t\t<div class=\"elementor-section-wrap\">\n\t\t\t\t\t\t\t<section class=\"jarallax elementor-section elementor-top-section elementor-element elementor-element-06af242 elementor-section-boxed elementor-section-height-default elementor-section-height-default\" data-jarallax=\"\" data-speed=\"0.75\" data-parallax=\"scroll\" style=\"background-image:url(&quot;https:\/\/kordex-black.imaginem.co\/wp-content\/uploads\/sites\/27\/2018\/10\/portfolio-15.jpg&quot;);\" data-image-src=\"https:\/\/kordex-black.imaginem.co\/wp-content\/uploads\/sites\/27\/2018\/10\/portfolio-15.jpg\" data-id=\"06af242\" data-element_type=\"section\" data-settings=\"{&quot;background_background&quot;:&quot;slideshow&quot;,&quot;background_slideshow_gallery&quot;:[{&quot;id&quot;:2334,&quot;url&quot;:&quot;https:\\\/\\\/yulimoncayo.com\\\/wp-content\\\/uploads\\\/2021\\\/07\\\/JAV-1.jpg&quot;},{&quot;id&quot;:2338,&quot;url&quot;:&quot;https:\\\/\\\/yulimoncayo.com\\\/wp-content\\\/uploads\\\/2021\\\/07\\\/JAV-5.jpg&quot;},{&quot;id&quot;:2337,&quot;url&quot;:&quot;https:\\\/\\\/yulimoncayo.com\\\/wp-content\\\/uploads\\\/2021\\\/07\\\/JAV-4.jpg&quot;},{&quot;id&quot;:2336,&quot;url&quot;:&quot;https:\\\/\\\/yulimoncayo.com\\\/wp-content\\\/uploads\\\/2021\\\/07\\\/JAV-3.jpg&quot;},{&quot;id&quot;:2339,&quot;url&quot;:&quot;https:\\\/\\\/yulimoncayo.com\\\/wp-content\\\/uploads\\\/2021\\\/07\\\/JAV-6.jpg&quot;},{&quot;id&quot;:2585,&quot;url&quot;:&quot;https:\\\/\\\/yulimoncayo.com\\\/wp-content\\\/uploads\\\/2022\\\/02\\\/JAV-4-copia.jpg&quot;}],&quot;background_slideshow_loop&quot;:&quot;yes&quot;,&quot;background_slideshow_slide_duration&quot;:5000,&quot;background_slideshow_slide_transition&quot;:&quot;fade&quot;,&quot;background_slideshow_transition_duration&quot;:500}\">\n\t\t\t\t\t\t\t<div class=\"elementor-background-overlay\"><\/div>\n\t\t\t\t\t\t\t<div class=\"elementor-container elementor-column-gap-default\">\n\t\t\t\t\t\t\t<div class=\"elementor-row\">\n\t\t\t\t\t<div class=\"elementor-column elementor-col-100 elementor-top-column elementor-element elementor-element-c3a8b6d\" data-id=\"c3a8b6d\" data-element_type=\"column\">\n\t\t\t<div class=\"elementor-column-wrap elementor-element-populated\">\n\t\t\t\t\t\t\t<div class=\"elementor-widget-wrap\">\n\t\t\t\t\t\t<div class=\"elementor-element elementor-element-01528a1 elementor-widget elementor-widget-image\" data-id=\"01528a1\" data-element_type=\"widget\" data-widget_type=\"image.default\">\n\t\t\t\t<div class=\"elementor-widget-container\">\n\t\t\t\t\t\t\t\t<div class=\"elementor-image\">\n\t\t\t\t\t\t\t\t\t\t\t\t<img loading=\"lazy\" decoding=\"async\" width=\"150\" height=\"150\" src=\"https:\/\/yulimoncayo.com\/wp-content\/uploads\/2022\/10\/negro-150x150.png\" class=\"attachment-thumbnail size-thumbnail\" alt=\"\" srcset=\"https:\/\/yulimoncayo.com\/wp-content\/uploads\/2022\/10\/negro-150x150.png 150w, https:\/\/yulimoncayo.com\/wp-content\/uploads\/2022\/10\/negro-300x300.png 300w, https:\/\/yulimoncayo.com\/wp-content\/uploads\/2022\/10\/negro-768x768.png 768w, https:\/\/yulimoncayo.com\/wp-content\/uploads\/2022\/10\/negro-770x770.png 770w, https:\/\/yulimoncayo.com\/wp-content\/uploads\/2022\/10\/negro-160x160.png 160w, https:\/\/yulimoncayo.com\/wp-content\/uploads\/2022\/10\/negro-800x800.png 800w, https:\/\/yulimoncayo.com\/wp-content\/uploads\/2022\/10\/negro.png 900w\" sizes=\"auto, (max-width: 150px) 100vw, 150px\" \/>\t\t\t\t\t\t\t\t\t\t\t\t\t\t<\/div>\n\t\t\t\t\t\t<\/div>\n\t\t\t\t<\/div>\n\t\t\t\t<div class=\"elementor-element elementor-element-c1d13a7 elementor-widget elementor-widget-spacer\" data-id=\"c1d13a7\" data-element_type=\"widget\" data-widget_type=\"spacer.default\">\n\t\t\t\t<div class=\"elementor-widget-container\">\n\t\t\t\t\t<div class=\"elementor-spacer\">\n\t\t\t<div class=\"elementor-spacer-inner\"><\/div>\n\t\t<\/div>\n\t\t\t\t<\/div>\n\t\t\t\t<\/div>\n\t\t\t\t\t\t<\/div>\n\t\t\t\t\t<\/div>\n\t\t<\/div>\n\t\t\t\t\t\t\t\t<\/div>\n\t\t\t\t\t<\/div>\n\t\t<\/section>\n\t\t\t\t<section class=\"elementor-section elementor-top-section elementor-element elementor-element-c1b9cff elementor-section-full_width elementor-section-height-default elementor-section-height-default\" data-id=\"c1b9cff\" data-element_type=\"section\">\n\t\t\t\t\t\t<div class=\"elementor-container elementor-column-gap-no\">\n\t\t\t\t\t\t\t<div class=\"elementor-row\">\n\t\t\t\t\t<div class=\"elementor-column elementor-col-50 elementor-top-column elementor-element elementor-element-6ff7de1\" data-id=\"6ff7de1\" data-element_type=\"column\" data-settings=\"{&quot;background_background&quot;:&quot;classic&quot;}\">\n\t\t\t<div class=\"elementor-column-wrap elementor-element-populated\">\n\t\t\t\t\t\t\t<div class=\"elementor-widget-wrap\">\n\t\t\t\t\t\t<div class=\"elementor-element elementor-element-46cb8a8 elementor-widget elementor-widget-image\" data-id=\"46cb8a8\" data-element_type=\"widget\" data-widget_type=\"image.default\">\n\t\t\t\t<div class=\"elementor-widget-container\">\n\t\t\t\t\t\t\t\t<div class=\"elementor-image\">\n\t\t\t\t\t\t\t\t\t\t\t\t<img loading=\"lazy\" decoding=\"async\" width=\"550\" height=\"770\" src=\"https:\/\/yulimoncayo.com\/wp-content\/uploads\/2021\/07\/3-550x770.jpg\" class=\"attachment-kordex-gridblock-large-portrait size-kordex-gridblock-large-portrait\" alt=\"\" \/>\t\t\t\t\t\t\t\t\t\t\t\t\t\t<\/div>\n\t\t\t\t\t\t<\/div>\n\t\t\t\t<\/div>\n\t\t\t\t\t\t<\/div>\n\t\t\t\t\t<\/div>\n\t\t<\/div>\n\t\t\t\t<div class=\"elementor-column elementor-col-50 elementor-top-column elementor-element elementor-element-4a91ea2\" data-id=\"4a91ea2\" data-element_type=\"column\" data-settings=\"{&quot;background_background&quot;:&quot;classic&quot;}\">\n\t\t\t<div class=\"elementor-column-wrap elementor-element-populated\">\n\t\t\t\t\t\t\t<div class=\"elementor-widget-wrap\">\n\t\t\t\t\t\t<div class=\"elementor-element elementor-element-b15e48c section-align-left animated-slow section-size-default elementor-invisible elementor-widget elementor-widget-section-heading\" data-id=\"b15e48c\" data-element_type=\"widget\" data-settings=\"{&quot;_animation&quot;:&quot;fadeIn&quot;}\" data-widget_type=\"section-heading.default\">\n\t\t\t\t<div class=\"elementor-widget-container\">\n\t\t\t<div class=\"section-heading headingstyle-default\"><h6 class=\"entry-title section-title\">dra. yuli moncayo<\/h6><div class=\"section-description clearfix\"><div class=\"section-description-inner\"><p>Nacida en Guayaquil, Ecuador, en su trayectoria se destaca el <strong>aporte cient\u00edfico <\/strong>brindado a la comunidad odontol\u00f3gica. Durante m\u00e1s de 15 a\u00f1os, ha trabajado con empresas nacionales e internacionales alcanzando grandes reconocimientos. Fue pionera en Ecuador implementando <strong>t\u00e9cnicas avanzadas <\/strong>de alta complejidad.<\/p>\n<p><strong>Graduada con honores<\/strong> en Odontolog\u00eda, se especializa en Ortodoncia y Ortopedia Maxilar. Ostenta distintas <strong>certificaciones <\/strong>en Ortodoncia Lingual, Lingual 2d, Damon, Micro implantes y Dispositivos de Anclaje Temporal.<\/p>\n<p>Es consultora, catedr\u00e1tica, conferencista nacional e internacional, fot\u00f3grafa, deportista, <strong>esposa y madre a tiempo completo<\/strong>.<\/p>\n<p><strong>Miembro directivo <\/strong>de la Sociedad de Ortodoncia y Ortopedia del Guayas, Sociedad ecuatoriana de Ortodoncia y World Federation of  Orthodontics.<\/p>\n<p><strong>Directora General <\/strong>y socia fundadora de IKIGAI LIFE, empresa dedicada a la salud y al bienestar, cuyo prop\u00f3sito es el de servir a m\u00e1s personas.<\/p>\n<p>Desde su <strong>Cl\u00ednica YM<\/strong>, trabaja constantemente, junto con un equipo de profesionales, en <strong>innovar y superar las expectativas <\/strong>de sus pacientes.<\/p>\n<\/div><\/div><div class=\"section-button\"><a  href=\"https:\/\/yulimoncayo.com\/?page_id=93\"><div class=\"mtheme-button\">Lo que hago<\/div><\/a><\/div><\/div>\t\t<\/div>\n\t\t\t\t<\/div>\n\t\t\t\t\t\t<\/div>\n\t\t\t\t\t<\/div>\n\t\t<\/div>\n\t\t\t\t\t\t\t\t<\/div>\n\t\t\t\t\t<\/div>\n\t\t<\/section>\n\t\t\t\t<section class=\"elementor-section elementor-top-section elementor-element elementor-element-418b3ab elementor-section-boxed elementor-section-height-default elementor-section-height-default\" data-id=\"418b3ab\" data-element_type=\"section\">\n\t\t\t\t\t\t<div class=\"elementor-container elementor-column-gap-default\">\n\t\t\t\t\t\t\t<div class=\"elementor-row\">\n\t\t\t\t\t<div class=\"elementor-column elementor-col-100 elementor-top-column elementor-element elementor-element-b1f6b54\" data-id=\"b1f6b54\" data-element_type=\"column\">\n\t\t\t<div class=\"elementor-column-wrap elementor-element-populated\">\n\t\t\t\t\t\t\t<div class=\"elementor-widget-wrap\">\n\t\t\t\t\t\t<div class=\"elementor-element elementor-element-d40dd88 elementor-widget elementor-widget-split-headlines\" data-id=\"d40dd88\" data-element_type=\"widget\" data-widget_type=\"split-headlines.default\">\n\t\t\t\t<div class=\"elementor-widget-container\">\n\t\t\t<div class=\"multi-headlines-outer\"><div class=\"multi-headlines-wrap\"><div class=\"multi-headlines\"><h3 style=\"text-align: center;\"><strong>\"Recuerda que en la infinidad de la vida todo es perfecto completo y entero, y tambi\u00e9n lo eres t\u00fa\".<\/strong><\/h3><p style=\"text-align: center;\"><strong>\u00a0 \u00a0 \u00a0 \u00a0 \u00a0 \u00a0 \u00a0 \u00a0 \u00a0 \u00a0 \u00a0 \u00a0 \u00a0 \u00a0 \u00a0 \u00a0 \u00a0 \u00a0 \u00a0 \u00a0 \u00a0 \u00a0 \u00a0 \u00a0 \u00a0 \u00a0 \u00a0 \u00a0 \u00a0 \u00a0 \u00a0 \u00a0 \u00a0 \u00a0 \u00a0 \u00a0 \u00a0 \u00a0 \u00a0 \u00a0 \u00a0 \u00a0 \u00a0 \u00a0 \u00a0 \u00a0 \u00a0 \u00a0 \u00a0 \u00a0 \u00a0 \u00a0 \u00a0 \u00a0 \u00a0 \u00a0 \u00a0 \u00a0 \u00a0 \u00a0 \u00a0 \u00a0 \u00a0 \u00a0 \u00a0 \u00a0 \u00a0 \u00a0 \u00a0 \u00a0 \u00a0 \u00a0 \u00a0 \u00a0 \u00a0 \u00a0 \u00a0 \u00a0 \u00a0 \u00a0 \u00a0 \u00a0 \u00a0 \u00a0 \u00a0 \u00a0 \u00a0 \u00a0 \u00a0 \u00a0 \u00a0 \u00a0 \u00a0 \u00a0 \u00a0 \u00a0 \u00a0 \u00a0 \u00a0 \u00a0 \u00a0 \u00a0 \u00a0 \u00a0 \u00a0 \u00a0 \u00a0 \u00a0 -Louise Hay<\/strong><\/p> <\/div><\/div><\/div>\t\t<\/div>\n\t\t\t\t<\/div>\n\t\t\t\t\t\t<\/div>\n\t\t\t\t\t<\/div>\n\t\t<\/div>\n\t\t\t\t\t\t\t\t<\/div>\n\t\t\t\t\t<\/div>\n\t\t<\/section>\n\t\t\t\t<section class=\"elementor-section elementor-top-section elementor-element elementor-element-011b0bf elementor-section-boxed elementor-section-height-default elementor-section-height-default\" data-id=\"011b0bf\" data-element_type=\"section\">\n\t\t\t\t\t\t<div class=\"elementor-container elementor-column-gap-default\">\n\t\t\t\t\t\t\t<div class=\"elementor-row\">\n\t\t\t\t\t<div class=\"elementor-column elementor-col-100 elementor-top-column elementor-element elementor-element-376de64\" data-id=\"376de64\" data-element_type=\"column\">\n\t\t\t<div class=\"elementor-column-wrap elementor-element-populated\">\n\t\t\t\t\t\t\t<div class=\"elementor-widget-wrap\">\n\t\t\t\t\t\t<div class=\"elementor-element elementor-element-e0f8b35 carousel-dots-yes carousel-arrow-shape-default elementor-widget elementor-widget-slideshow-carousel\" data-id=\"e0f8b35\" data-element_type=\"widget\" data-widget_type=\"slideshow-carousel.default\">\n\t\t\t\t<div class=\"elementor-widget-container\">\n\t\t\t<div class=\"gridblock-owlcarousel-wrap clearfix\"><div id=\"616-69e4e211782dc\" class=\"owl-carousel owl-slideshow-element owl-carousel-detect owl-carousel-type-slideshow\" data-autoplaytimeout=\"5000\" data-smartspeed=\"900\" data-id=\"616-69e4e211782dc\" data-autoplay=\"true\" data-lazyload=\"false\" data-type=\"slideshow\"><div class=\"gridblock-slideshow-element\"><img decoding=\"async\" src=\"https:\/\/yulimoncayo.com\/wp-content\/uploads\/2021\/07\/JAV-19-1.jpg\" alt=\"\" class=\"owl-slide-image\"\/><\/div><div class=\"gridblock-slideshow-element\"><img decoding=\"async\" src=\"https:\/\/yulimoncayo.com\/wp-content\/uploads\/2021\/07\/JAV-7-1.jpg\" alt=\"\" class=\"owl-slide-image\"\/><\/div><div class=\"gridblock-slideshow-element\"><img decoding=\"async\" src=\"https:\/\/yulimoncayo.com\/wp-content\/uploads\/2021\/07\/6.jpg\" alt=\"\" class=\"owl-slide-image\"\/><\/div><div class=\"gridblock-slideshow-element\"><img decoding=\"async\" src=\"https:\/\/yulimoncayo.com\/wp-content\/uploads\/2021\/07\/JAV-12-1.jpg\" alt=\"\" class=\"owl-slide-image\"\/><\/div><div class=\"gridblock-slideshow-element\"><img decoding=\"async\" src=\"https:\/\/yulimoncayo.com\/wp-content\/uploads\/2021\/07\/JAV-17.jpg\" alt=\"\" class=\"owl-slide-image\"\/><\/div><div class=\"gridblock-slideshow-element\"><img decoding=\"async\" src=\"https:\/\/yulimoncayo.com\/wp-content\/uploads\/2021\/07\/JAV-15.jpg\" alt=\"\" class=\"owl-slide-image\"\/><\/div><div class=\"gridblock-slideshow-element\"><img decoding=\"async\" src=\"https:\/\/yulimoncayo.com\/wp-content\/uploads\/2021\/07\/850_1231.jpg\" alt=\"\" class=\"owl-slide-image\"\/><\/div><div class=\"gridblock-slideshow-element\"><img decoding=\"async\" src=\"https:\/\/yulimoncayo.com\/wp-content\/uploads\/2021\/07\/TY34qYw.jpeg\" alt=\"\" class=\"owl-slide-image\"\/><\/div><\/div><\/div>\t\t<\/div>\n\t\t\t\t<\/div>\n\t\t\t\t\t\t<\/div>\n\t\t\t\t\t<\/div>\n\t\t<\/div>\n\t\t\t\t\t\t\t\t<\/div>\n\t\t\t\t\t<\/div>\n\t\t<\/section>\n\t\t\t\t<section class=\"elementor-section elementor-top-section elementor-element elementor-element-50a52fd elementor-section-boxed elementor-section-height-default elementor-section-height-default\" data-id=\"50a52fd\" data-element_type=\"section\">\n\t\t\t\t\t\t<div class=\"elementor-container elementor-column-gap-default\">\n\t\t\t\t\t\t\t<div class=\"elementor-row\">\n\t\t\t\t\t<div class=\"elementor-column elementor-col-25 elementor-top-column elementor-element elementor-element-4c0c7dc\" data-id=\"4c0c7dc\" data-element_type=\"column\">\n\t\t\t<div class=\"elementor-column-wrap elementor-element-populated\">\n\t\t\t\t\t\t\t<div class=\"elementor-widget-wrap\">\n\t\t\t\t\t\t<div class=\"elementor-element elementor-element-c96a27e social-icons-active-false elementor-invisible elementor-widget elementor-widget-team-member\" data-id=\"c96a27e\" data-element_type=\"widget\" data-settings=\"{&quot;_animation&quot;:&quot;fadeIn&quot;,&quot;_animation_delay&quot;:100}\" data-widget_type=\"team-member.default\">\n\t\t\t\t<div class=\"elementor-widget-container\">\n\t\t\t\n<div class=\"person box-title\">\n\t<div class=\"person-image-wrap\">\n\t\t<div class=\"person-image none\">\n\t\t\t<img decoding=\"async\" src=\"https:\/\/yulimoncayo.com\/wp-content\/uploads\/2021\/07\/JAV-20-e1668690721318-770x550.jpg\" alt=\"\" \/>\n\t\t<\/div>\n\t\t\n\t<\/div>\n\t<div class=\"person-details\">\n\t<h4 class=\"staff-position\">Ortodoncista<\/h4>\n\t<h3><\/h3>\n\t<div class=\"person-desc\"><p>Reconocida internacionalmente por su aporte cient\u00edfico.<\/p>\n<\/div>\n\t<\/div>\n<\/div>\t\t<\/div>\n\t\t\t\t<\/div>\n\t\t\t\t\t\t<\/div>\n\t\t\t\t\t<\/div>\n\t\t<\/div>\n\t\t\t\t<div class=\"elementor-column elementor-col-25 elementor-top-column elementor-element elementor-element-a1c3c16\" data-id=\"a1c3c16\" data-element_type=\"column\">\n\t\t\t<div class=\"elementor-column-wrap elementor-element-populated\">\n\t\t\t\t\t\t\t<div class=\"elementor-widget-wrap\">\n\t\t\t\t\t\t<div class=\"elementor-element elementor-element-74d031b social-icons-active-false elementor-invisible elementor-widget elementor-widget-team-member\" data-id=\"74d031b\" data-element_type=\"widget\" data-settings=\"{&quot;_animation&quot;:&quot;fadeIn&quot;,&quot;_animation_delay&quot;:300}\" data-widget_type=\"team-member.default\">\n\t\t\t\t<div class=\"elementor-widget-container\">\n\t\t\t\n<div class=\"person box-title\">\n\t<div class=\"person-image-wrap\">\n\t\t<div class=\"person-image none\">\n\t\t\t<img decoding=\"async\" src=\"https:\/\/yulimoncayo.com\/wp-content\/uploads\/2021\/07\/JAV-10-1024x731.jpg\" alt=\"\" \/>\n\t\t<\/div>\n\t\t\n\t<\/div>\n\t<div class=\"person-details\">\n\t<h4 class=\"staff-position\">Fot\u00f3grafa<\/h4>\n\t<h3><\/h3>\n\t<div class=\"person-desc\"><p>Desde hace m\u00e1s de media d\u00e9cada comparte su conocimiento con m\u00e1s odont\u00f3logos por medio de seminarios enfocados en fotograf\u00eda cl\u00ednica.<\/p>\n<\/div>\n\t<\/div>\n<\/div>\t\t<\/div>\n\t\t\t\t<\/div>\n\t\t\t\t\t\t<\/div>\n\t\t\t\t\t<\/div>\n\t\t<\/div>\n\t\t\t\t<div class=\"elementor-column elementor-col-25 elementor-top-column elementor-element elementor-element-2fe0108\" data-id=\"2fe0108\" data-element_type=\"column\">\n\t\t\t<div class=\"elementor-column-wrap elementor-element-populated\">\n\t\t\t\t\t\t\t<div class=\"elementor-widget-wrap\">\n\t\t\t\t\t\t<div class=\"elementor-element elementor-element-48a435e team-image-shape-square social-icons-active-false elementor-invisible elementor-widget elementor-widget-team-member\" data-id=\"48a435e\" data-element_type=\"widget\" data-settings=\"{&quot;_animation&quot;:&quot;fadeIn&quot;,&quot;_animation_delay&quot;:600}\" data-widget_type=\"team-member.default\">\n\t\t\t\t<div class=\"elementor-widget-container\">\n\t\t\t\n<div class=\"person box-title\">\n\t<div class=\"person-image-wrap\">\n\t\t<div class=\"person-image none\">\n\t\t\t<img decoding=\"async\" src=\"https:\/\/yulimoncayo.com\/wp-content\/uploads\/2021\/07\/850_0972-1024x731.jpg\" alt=\"\" \/>\n\t\t<\/div>\n\t\t\n\t<\/div>\n\t<div class=\"person-details\">\n\t<h4 class=\"staff-position\">Conferencista<\/h4>\n\t<h3><\/h3>\n\t<div class=\"person-desc\"><p>Nacional e Internacional, ha impartido sus conocimientos en Asia, Estados Unidos y Latinoam\u00e9rica.<\/p>\n<\/div>\n\t<\/div>\n<\/div>\t\t<\/div>\n\t\t\t\t<\/div>\n\t\t\t\t\t\t<\/div>\n\t\t\t\t\t<\/div>\n\t\t<\/div>\n\t\t\t\t<div class=\"elementor-column elementor-col-25 elementor-top-column elementor-element elementor-element-3bb2cb5\" data-id=\"3bb2cb5\" data-element_type=\"column\">\n\t\t\t<div class=\"elementor-column-wrap elementor-element-populated\">\n\t\t\t\t\t\t\t<div class=\"elementor-widget-wrap\">\n\t\t\t\t\t\t<div class=\"elementor-element elementor-element-81d5dfc social-icons-active-false elementor-invisible elementor-widget elementor-widget-team-member\" data-id=\"81d5dfc\" data-element_type=\"widget\" data-settings=\"{&quot;_animation&quot;:&quot;fadeIn&quot;,&quot;_animation_delay&quot;:900}\" data-widget_type=\"team-member.default\">\n\t\t\t\t<div class=\"elementor-widget-container\">\n\t\t\t\n<div class=\"person box-title\">\n\t<div class=\"person-image-wrap\">\n\t\t<div class=\"person-image none\">\n\t\t\t<img decoding=\"async\" src=\"https:\/\/yulimoncayo.com\/wp-content\/uploads\/2021\/07\/4-770x550.jpg\" alt=\"\" \/>\n\t\t<\/div>\n\t\t\n\t<\/div>\n\t<div class=\"person-details\">\n\t<h4 class=\"staff-position\">Empresaria<\/h4>\n\t<h3><\/h3>\n\t<div class=\"person-desc\"><p>Directora General de la Cl\u00ednica YM y de la empresa IKIGAI LIFE, dedicados a la salud y al bienestar.<\/p>\n<\/div>\n\t<\/div>\n<\/div>\t\t<\/div>\n\t\t\t\t<\/div>\n\t\t\t\t\t\t<\/div>\n\t\t\t\t\t<\/div>\n\t\t<\/div>\n\t\t\t\t\t\t\t\t<\/div>\n\t\t\t\t\t<\/div>\n\t\t<\/section>\n\t\t\t\t<section class=\"elementor-section elementor-top-section elementor-element elementor-element-7977763 elementor-section-boxed elementor-section-height-default elementor-section-height-default\" data-id=\"7977763\" data-element_type=\"section\">\n\t\t\t\t\t\t<div class=\"elementor-container elementor-column-gap-default\">\n\t\t\t\t\t\t\t<div class=\"elementor-row\">\n\t\t\t\t\t<div class=\"elementor-column elementor-col-100 elementor-top-column elementor-element elementor-element-3bf3ed9\" data-id=\"3bf3ed9\" data-element_type=\"column\">\n\t\t\t<div class=\"elementor-column-wrap elementor-element-populated\">\n\t\t\t\t\t\t\t<div class=\"elementor-widget-wrap\">\n\t\t\t\t\t\t<div class=\"elementor-element elementor-element-6c31024 elementor-shape-circle elementor-grid-0 e-grid-align-center elementor-widget elementor-widget-social-icons\" data-id=\"6c31024\" data-element_type=\"widget\" data-widget_type=\"social-icons.default\">\n\t\t\t\t<div class=\"elementor-widget-container\">\n\t\t\t\t\t<div class=\"elementor-social-icons-wrapper elementor-grid\">\n\t\t\t\t\t\t\t<span class=\"elementor-grid-item\">\n\t\t\t\t\t<a class=\"elementor-icon elementor-social-icon elementor-social-icon-whatsapp elementor-repeater-item-ade47e2\" href=\"https:\/\/api.whatsapp.com\/send?phone=593959402242&#038;text=Hola!%20Me%20interesa%20saber%20acerca%20de\" target=\"_blank\">\n\t\t\t\t\t\t<span class=\"elementor-screen-only\">Whatsapp<\/span>\n\t\t\t\t\t\t<i class=\"fab fa-whatsapp\"><\/i>\t\t\t\t\t<\/a>\n\t\t\t\t<\/span>\n\t\t\t\t\t<\/div>\n\t\t\t\t<\/div>\n\t\t\t\t<\/div>\n\t\t\t\t<div class=\"elementor-element elementor-element-9cc8e1b elementor-widget elementor-widget-spacer\" data-id=\"9cc8e1b\" data-element_type=\"widget\" data-widget_type=\"spacer.default\">\n\t\t\t\t<div class=\"elementor-widget-container\">\n\t\t\t\t\t<div class=\"elementor-spacer\">\n\t\t\t<div class=\"elementor-spacer-inner\"><\/div>\n\t\t<\/div>\n\t\t\t\t<\/div>\n\t\t\t\t<\/div>\n\t\t\t\t\t\t<\/div>\n\t\t\t\t\t<\/div>\n\t\t<\/div>\n\t\t\t\t\t\t\t\t<\/div>\n\t\t\t\t\t<\/div>\n\t\t<\/section>\n\t\t\t\t\t\t<\/div>\n\t\t\t\t\t\t<\/div>\n\t\t\t\t\t<\/div>\n\t\t","protected":false},"excerpt":{"rendered":"<p>dra. yuli moncayo Nacida en Guayaquil, Ecuador, en su trayectoria se destaca el aporte cient\u00edfico brindado a la comunidad odontol\u00f3gica. Durante m\u00e1s de 15 a\u00f1os, ha trabajado con empresas nacionales e internacionales alcanzando grandes reconocimientos. Fue pionera en Ecuador implementando t\u00e9cnicas avanzadas de alta complejidad. Graduada con honores en Odontolog\u00eda, se especializa en Ortodoncia y Ortopedia Maxilar. Ostenta distintas certificaciones en Ortodoncia Lingual, Lingual 2d, Damon, Micro implantes y Dispositivos de Anclaje Temporal. Es consultora, catedr\u00e1tica, conferencista nacional e internacional, [&hellip;]<\/p>\n","protected":false},"author":1,"featured_media":0,"parent":0,"menu_order":0,"comment_status":"closed","ping_status":"closed","template":"","meta":{"footnotes":""},"class_list":["post-616","page","type-page","status-publish","hentry"],"_links":{"self":[{"href":"https:\/\/yulimoncayo.com\/index.php?rest_route=\/wp\/v2\/pages\/616","targetHints":{"allow":["GET"]}}],"collection":[{"href":"https:\/\/yulimoncayo.com\/index.php?rest_route=\/wp\/v2\/pages"}],"about":[{"href":"https:\/\/yulimoncayo.com\/index.php?rest_route=\/wp\/v2\/types\/page"}],"author":[{"embeddable":true,"href":"https:\/\/yulimoncayo.com\/index.php?rest_route=\/wp\/v2\/users\/1"}],"replies":[{"embeddable":true,"href":"https:\/\/yulimoncayo.com\/index.php?rest_route=%2Fwp%2Fv2%2Fcomments&post=616"}],"version-history":[{"count":10,"href":"https:\/\/yulimoncayo.com\/index.php?rest_route=\/wp\/v2\/pages\/616\/revisions"}],"predecessor-version":[{"id":3700,"href":"https:\/\/yulimoncayo.com\/index.php?rest_route=\/wp\/v2\/pages\/616\/revisions\/3700"}],"wp:attachment":[{"href":"https:\/\/yulimoncayo.com\/index.php?rest_route=%2Fwp%2Fv2%2Fmedia&parent=616"}],"curies":[{"name":"wp","href":"https:\/\/api.w.org\/{rel}","templated":true}]}}